he remainder when 51357 is divided by 20?
17
Calculate the remainder when 225 is divided by 61.
42
What is the remainder when 278 is divided by 57?
50
Calculate the remainder when 462 is divided by 31.
28
What is the remainder when 3183 is divided by 110?
103
What is the remainder when 34 is divided by 5?
4
Calculate the remainder when 683 is divided by 195.
98
What is the remainder when 14680 is divided by 33?
28
Calculate the remainder when 697 is divided by 101.
91
Calculate the remainder when 181 is divided by 171.
10
What is the remainder when 18022 is divided by 6007?
1
What is the remainder when 1241 is divided by 54?
53
Calculate the remainder when 128 is divided by 37.
17
What is the remainder when 87 is divided by 34?
19
Calculate the remainder when 134 is divided by 5.
4
What is the remainder when 294 is divided by 100?
94
Calculate the remainder when 205 is divided by 25.
5
What is the remainder when 994 is divided by 5?
4
Calculate the remainder when 5547 is divided by 75.
72
What is the remainder when 62398 is divided by 390?
388
What is the remainder when 2319 is divided by 22?
9
Calculate the remainder when 90 is divided by 61.
29
Calculate the remainder when 199 is divided by 49.
3
What is the remainder when 1090 is divided by 39?
37
What is the remainder when 6267 is divided by 38?
35
What is the remainder when 47 is divided by 37?
10
Calculate the remainder when 1712 is divided by 290.
262
What is the remainder when 119 is divided by 15?
14
Calculate the remainder when 106 is divided by 23.
14
Calculate the remainder when 273 is divided by 20.
13
Calculate the remainder when 654 is divided by 188.
90
Calculate the remainder when 192 is divided by 103.
89
What is the remainder when 492 is divided by 50?
42
What is the remainder when 324 is divided by 13?
12
What is the remainder when 118 is divided by 58?
2
Calculate the remainder when 409 is divided by 136.
1
Calculate the remainder when 305 is divided by 17.
16
What is the remainder when 196 is divided by 18?
16
Calculate the remainder when 1836 is divided by 11.
10
Calculate the remainder when 6064 is divided by 82.
78
Calculate the remainder when 4199 is divided by 105.
104
Calculate the remainder when 6650 is divided by 1105.
20
Calculate the remainder when 26 is divided by 15.
11
Calculate the remainder when 386 is divided by 43.
42
Calculate the remainder when 420 is divided by 415.
5
What is the remainder when 2992 is divided by 73?
72
What is the remainder when 148 is divided by 19?
15
Calculate the remainder when 371 is divided by 115.
26
What is the remainder when 706 is divided by 101?
100
Calculate the remainder when 155 is divided by 34.
19
What is the remainder when 2143 is divided by 11?
9
What is the remainder when 490 is divided by 163?
1
What is the remainder when 43 is divided by 33?
10
Calculate the remainder when 5606 is divided by 51.
47
Calculate the remainder when 56 is divided by 33.
23
Calculate the remainder when 298 is divided by 293.
5
What is the remainder when 221 is divided by 4?
1
What is the remainder when 198 is divided by 29?
24
Calculate the remainder when 722 is divided by 162.
74
Calculate the remainder when 35 is divided by 12.
11
What is the remainder when 270 is divided by 88?
6
Calculate the remainder when 843 is divided by 54.
33
What is the remainder when 90 is divided by 29?
3
Calculate the remainder when 73 is divided by 18.
1
Calculate the remainder when 3564 is divided by 10.
4
Calculate the remainder when 509 is divided by 114.
53
What is the remainder when 910 is divided by 55?
30
Calculate the remainder when 67 is divided by 38.
29
Calculate the remainder when 63 is divided by 16.
15
What is the remainder when 235 is divided by 34?
31
Calculate the remainder when 4730 is divided by 2361.
8
Calculate the remainder when 2314 is divided by 1.
0
Calculate the remainder when 74 is divided by 26.
22
What is the remainder when 1564 is divided by 56?
52
What is the remainder when 167 is divided by 24?
23
Calculate the remainder when 1019 is divided by 15.
14
Calculate the remainder when 1188 is divided by 200.
188
What is the remainder when 4269 is divided by 607?
20
What is the remainder when 268 is divided by 90?
88
What is the remainder when 40 is divided by 22?
18
What is the remainder when 3569 is divided by 3556?
13
Calculate the remainder when 7914 is divided by 12.
6
What is the remainder when 83 is divided by 4?
3
What is the remainder when 620 is divided by 24?
20
What is the remainder when 405 is divided by 27?
0
What is the remainder when 3390 is divided by 28?
2
What is the remainder when 52 is divided by 36?
16
Calculate the remainder when 307 is divided by 89.
40
Calculate the remainder when 1519 is divided by 80.
79
What is the remainder when 480 is divided by 18?
12
Calculate the remainder when 4070 is divided by 123.
11
Calculate the remainder when 1415 is divided by 8.
7
What is the remainder when 844 is divided by 169?
168
What is the remainder when 10041 is divided by 205?
201
What is the remainder when 5684 is divided by 24?
20
Calculate the remainder when 25260 is divided by 63.
60
What is the remainder when 32 is divided by 17?
15
What is the remainder when 123 is divided by 64?
59
What is the remainder when 138 is divided by 25?
13
Calculate the remainder when 908 is divided by 19.
15
What is the remainder when 215 is divided by 99?
17
Calculate the remainder when 84 is divided by 81.
3
Calculate the remainder when 192 is divided by 38.
2
What is the remainder when 4339 is divided by 181?
176
What is the remainder when 211 is divided by 51?
7
Calculate the remainder when 274 is divided by 121.
32
Calculate the remainder when 111 is divided by 30.
21
What is the remainder when 2719 is divided by 152?
135
What is the remainder when 335 is divided by 28?
27
What is the remainder when 166 is divided by 44?
34
What is the remainder when 178 is divided by 49?
31
What is the remainder when 1218 is divided by 10?
8
Calculate the remainder when 185 is divided by 67.
51
What is the remainder when 144 is divided by 29?
28
What is the remainder when 127 is divided by 69?
58
Calculate the remainder when 12874 is divided by 74.
72
What is the remainder when 636 is divided by 30?
6
Calculate the remainder when 248 is divided by 218.
30
Calculate the remainder when 90 is divided by 24.
18
Calculate the remainder when 16168 is divided by 55.
53
What is the remainder when 140 is divided by 69?
2
What is the remainder when 2311 is divided by 17?
16
What is the remainder when 101 is divided by 13?
10
Calculate the remainder when 1940 is divided by 922.
96
Calculate the remainder when 44 is divided by 23.
21
What is the remainder when 7629 is divided by 13?
11
What is the remainder when 1274 is divided by 20?
14
Calculate the remainder when 15 is divided by 2.
1
Calculate the remainder when 167 is divided by 33.
2
Calculate the remainder when 19 is divided by 11.
8
Calculate the remainder when 334 is divided by 54.
10
Calculate the remainder when 1327 is divided by 36.
31
What is the remainder when 1867 is divided by 52?
47
Calculate the remainder when 2074 is divided by 83.
82
Calculate the remainder when 222 is divided by 42.
12
Calculate the remainder when 92 is divided by 27.
11
What is the remainder when 44 is divided by 14?
2
Calculate the remainder when 1226 is divided by 87.
8
Calculate the remainder when 569 is divided by 78.
23
What is the remainder when 813 is divided by 166?
149
What is the remainder when 171 is divided by 45?
36
What is the remainder when 348 is divided by 80?
28
Calculate the remainder when 47 is divided by 31.
16
What is the remainder when 181 is divided by 47?
40
Calculate the remainder when 2245 is divided by 50.
45
What is the remainder when 152 is divided by 52?
48
Calculate the remainder when 761 is divided by 58.
7
What is the remainder when 1674 is divided by 12?
6
What is the remainder when 53 is divided by 4?
1
What is the remainder when 498 is divided by 38?
4
What is the remainder when 19 is divided by 10?
9
Calculate the remainder when 195 is divided by 82.
31
What is the remainder when 388 is divided by 16?
4
Calculate the remainder when 554 is divided by 47.
37
Calculate the re